te the greatest common factor of o and 18.
2
Suppose -22*z + 662 = -658. Calculate the highest common factor of 40 and z.
20
Let p(h) = -h**2 + 12*h + 2. Let x be p(12). Suppose -x*t - 40 = -7*t. What is the greatest common factor of t and 8?
8
Suppose -5*q - 3*u = -710, -q - u + 133 + 9 = 0. Let s = 259 - q. Calculate the highest common divisor of s and 39.
39
Let o = -223 - -319. Let s be ((-48)/14)/(5/(-35)). Calculate the highest common divisor of o and s.
24
Let y be ((-108)/36)/((-3)/32). What is the highest common divisor of 4 and y?
4
Let c be -44*(1 + 7/(-2)). Let z(m) = 6*m - 2*m - 2 - 1 + 9 + 3*m**2. Let q be z(-2). What is the greatest common factor of q and c?
10
Suppose 42 + 6 = 4*w. Suppose 0 = -14*k + 16*k. Suppose -d + k*d + 48 = 0. Calculate the greatest common factor of w and d.
12
Let w = -662 + 932. Calculate the greatest common factor of w and 30.
30
Let t(k) = -1 + 23*k - 5 + 4. Let g be t(4). Calculate the greatest common divisor of 36 and g.
18
Let b = -93 + 141. Calculate the highest common divisor of 480 and b.
48
Suppose 23*q + 18 = 1306. Suppose -23 = -3*i + 19. What is the greatest common divisor of q and i?
14
Let b be 4*((-2)/8 + -2). Let k = 61 + b. Let h be 14/(-10) + 2 + (-6579)/(-85). What is the greatest common divisor of h and k?
26
Let c(g) = g**3 + 4*g**2 + 1. Let v be c(-3). Suppose 0 = 6*y - v*y + 200. Let a be ((-6)/(-4))/(9/120). What is the greatest common factor of a and y?
10
Suppose -3*h + 2*d + 14 + 60 = 0, -2*d = -4*h + 96. Let j(p) = p**2 - 17*p + 11. Let q be j(17). What is the greatest common divisor of h and q?
11
Let p be (-8)/(17088/3420 - 5). What is the greatest common divisor of p and 120?
120
Suppose 5*t + 4*n + 612 = 0, -2*n + 502 = -4*t + n. Let q be 2/(-7) - t/(-7). Let f = 34 + q. Calculate the greatest common divisor of f and 4.
4
Let v(w) = -3*w**3 - 5*w + 151*w**2 + 2*w - 4 - 155*w**2. Let p be v(-3). Calculate the highest common factor of 125 and p.
25
Suppose 0 = 2*i + 4*i - 12. Let j be (18*-4 + i)/(-1). Suppose -4*a - 2*l = -60, 0 = 5*a - l - 0*l - 68. Calculate the greatest common divisor of j and a.
14
Let s = 23 - 16. Suppose -s*l = -5*l - 44. Calculate the greatest common factor of l and 22.
22
Suppose -3*l - 855 = -3*m + l, -5*l = -4*m + 1140. Suppose -5*q = -4*x - 294 - 60, -4*q + 5*x + m = 0. What is the highest common factor of q and 10?
10
Let j be ((-66)/55)/((-2)/(-15)). Let x be 12/(-18) - 1086/j. Calculate the highest common divisor of x and 20.
20
Let n = 10 - 7. Suppose 2*m - 4*m = n*j - 12, 2*j + 24 = 4*m. What is the greatest common divisor of 2 and m?
2
Suppose 3*j = -4*s + 7, 4*j + 2 = 3*s + 3. Suppose 0 = -x + s. What is the greatest common factor of 1 and x?
1
Let w be -3*13 + (-2)/(-8)*0. Let n = 49 + w. What is the highest common divisor of 1 and n?
1
Suppose 0 = -3*s + x - 2*x + 23, 4*x = -16. Let c(u) = 6*u**2 - u - 4. Let g be c(2). Let w = -17 + g. What is the highest common divisor of s and w?
1
Let u(f) = 0*f**2 - f + f**2 + 13*f - 8*f - 5. Let k be u(-9). What is the highest common divisor of k and 10?
10
Suppose 7*i + 80 = 11*i. Let c = 82 - 42. What is the highest common divisor of i and c?
20
Suppose -6*d + 136 - 4 = 0. Let y = 23 - d. Let a = y + 6. What is the highest common factor of a and 14?
7
Let l = -15 + 19. Suppose -a = -l*a - 3. Let m(z) = 164*z**2 - 2*z - 1. Let v be m(a). Calculate the highest common factor of 15 and v.
15
Let b(v) = -2*v - 3. Let z be b(-2). Suppose z = 4*d - 7. Suppose -20 = -0*o - 2*o - p, -d*p + 32 = 3*o. Calculate the highest common factor of 12 and o.
4
Let f be -4*22/(-8)*-3. Let m = -23 - f. Let q be 48/m + 4/20. Calculate the greatest common divisor of q and 45.
5
Let a = 12 - 15. Let c be 54 + -4*a/3. What is the greatest common factor of 145 and c?
29
Suppose 68 = -3*t + 5*t. Suppose 3*n = 4*a + 76, 48 = 3*n - a - t. Suppose y + 7 = n. What is the greatest common divisor of y and 14?
7
Let m = -1559 - -2239. Calculate the highest common factor of 160 and m.
40
Suppose 88 = -4*k + 408. What is the greatest common factor of k and 16?
16
Let x(o) be the second derivative of o**5/20 + 11*o**4/12 + 23*o**3/6 + o**2/2 + 3*o. Let s be x(-8). What is the highest common factor of 9 and s?
9
Suppose 1000 = 369*m - 349*m. Calculate the highest common divisor of 85 and m.
5
Let z be (22800/(-171))/(2/(-3)). Calculate the greatest common divisor of z and 100.
100
Suppose 5*d - 2*r = -0*r + 77, -5*d - 3*r = -72. Let t = 25 - 23. Let k be 6/(t + 56/(-30)). What is the highest common factor of d and k?
15
Let q(g) = -g**2 + 10*g - 12. Let l = 0 + 8. Let t be q(l). Suppose t*u + 90 = 6*u. What is the highest common divisor of u and 9?
9
Let s = 30 - 25. Let a = s + 0. What is the greatest common factor of 1 and a?
1
Let c(b) = -b**3 + 15*b**2 - 45*b + 19. Let g be c(11). Calculate the highest common divisor of g and 928.
8
Suppose d + 9 = 2*d. Let j = d - -8. Calculate the greatest common divisor of j and 153.
17
Suppose -5*h = 4*x - 75, 0 = 7*h - 5*h + 2*x - 30. Let l = 4 + -2. Let u be ((-4)/(-1))/(l/3). What is the highest common divisor of u and h?
3
Let f(j) = j**3 - 4*j**2 + j + 4. Let g be f(3). Let w be (22/(-88))/(g/56). Suppose -5*z + 42 = -4*z. Calculate the greatest common divisor of w and z.
7
Let r = 1292 + -1283. What is the greatest common factor of 13 and r?
1
Suppose x = -0*x - 2529. Let t be x/(-63) - (-1)/(-7). Suppose -6*j = -2*j - t. Calculate the greatest common divisor of 40 and j.
10
Let r be (-6 + 4 - -5)*3. Let c = r - 22. Let k = c + 15. Calculate the highest common divisor of k and 1.
1
Let z(k) = 2*k - 11. Let m be z(5). Let p be (-3 - -3)/(-4)*m. Suppose p = 7*c - 3*c - 56. What is the highest common factor of c and 28?
14
Let u be -3*((-7689)/57 + (-2)/19). Calculate the highest common factor of u and 45.
45
Let p = -375 - -420. Suppose -i = -5, -2*w + 3*w = 3*i. What is the greatest common divisor of w and p?
15
Suppose 679 = -4*u + 7*u - 2*d, -896 = -4*u - 2*d. Calculate the greatest common factor of u and 105.
15
Let z = -464 - -488. Calculate the highest common factor of 108 and z.
12
Suppose b - 235 = l + 466, 2*l + 2106 = 3*b. What is the highest common divisor of b and 44?
44
Suppose -2*g = -4*q + 8776, 2*g - 6 = 5*g. Calculate the highest common divisor of q and 129.
129
Let n(h) = h**3 - 7*h**2 - 8*h + 2. Suppose 3*f + 1 + 35 = r, -4*r + 67 = -5*f. Let u = -3 - f. Let z be n(u). What is the greatest common divisor of 12 and z?
2
Let l be (54 - (11 + -9))/2. What is the highest common factor of 650 and l?
26
Let p(o) = o**2 - 20*o + 56. Let u be p(27). Calculate the highest common factor of u and 49.
49
Suppose -38 = 3*u + 5*x + 5, 3*u - x = -13. Let w be (2/u)/(2/(-60)). Calculate the greatest common factor of 120 and w.
10
Suppose 0 = 5*t - 12*t + 126. Suppose 4*i = 2*i + 72. What is the greatest common factor of i and t?
18
Let j be (0 - 2)*(2 + -1). Let o be ((-4)/(-4) - j) + 0. Suppose -k + 1 = -o. What is the highest common factor of 2 and k?
2
Suppose -4*d + d = -5*s + 429, -2*s - 2*d = -162. Let t = s + -21. Let q(g) = -4*g - 13. Let p be q(-5). Calculate the highest common divisor of t and p.
7
Let m(n) = -2*n**2 - 6*n - 8. Let o be m(-6). Let d be (24*2)/((-33)/o). Let g be -16*(-1 - -1 - 1). What is the greatest common divisor of d and g?
16
Suppose -20*v = -16*v - 528. What is the greatest common factor of 12 and v?
12
Let x(v) = -2*v**2 - 25*v - 64. Let r be x(-7). What is the highest common factor of 494 and r?
13
Suppose 17*w = 22*w - 250. What is the highest common divisor of 250 and w?
50
Let u(p) = 74 - 34 - 2*p + 3*p. Let c be u(14). Calculate the highest common divisor of c and 18.
18
Let b be -2 - (-3)/(-2)*-2. Let i be ((-12)/4 + 46)/b. Suppose -3*y - d + i = y, -y = 3*d - 19. What is the highest common factor of 20 and y?
10
Suppose 2*v = v + 3. Suppose 2*p - v*l - 32 = -l, 2*l = -p + 13. Suppose -i - 3*c = 5, 2*i = 5*i - c - p. Calculate the highest common divisor of i and 1.
1
Let c(t) = 35*t - 35. Let v(n) = 87*n - 87. Let i(m) = -12*c(m) + 5*v(m). Let p be i(7). What is the greatest common factor of p and 10?
10
Suppose 3 = 1549*b - 1546*b. Let h be (-66)/(-36) + 1/6. What is the greatest common divisor of h and b?
1
Suppose -s + 2*s = 4*z - 16, 4*